). What is the greatest common divisor of c and 36?
36
Let o(q) = q**3 + 12*q**2 + 15*q + 18. Let l be o(-8). Let d(i) = 12*i - 2. Let k be d(2). Calculate the highest common factor of k and l.
22
Let k(h) = 10*h**2 - 33*h - 170. Let m be k(-5). Calculate the highest common divisor of m and 35.
35
Let z be (1/3)/(8/24). Let h = 15 - z. What is the greatest common factor of h and 2?
2
Let k(f) = 5*f - 5. Let x be k(4). Suppose -v + 151 = 4*p, 0*v - 2*p - 532 = -4*v. What is the highest common divisor of x and v?
15
Let k be ((-7)/1 - -5)*44. Let u be 6/30 - k/10. What is the greatest common factor of 72 and u?
9
Suppose 6*n = 395 - 17. What is the greatest common divisor of n and 9?
9
Let m be 2/(-5) - ((-1190)/(-25) - 3). Let y = m + 165. Calculate the greatest common divisor of y and 15.
15
Suppose 8*f + 10*f - 612 = 0. Calculate the greatest common factor of f and 34.
34
Suppose -i + t + 71 = 3*i, i - 32 = 5*t. Suppose 3*b - 13 = 4*y, 3*b - y = -5*y + 5. Suppose i - 65 = -b*v. Calculate the highest common factor of v and 128.
16
Let t = -35 + 35. Suppose 5*k - 177 - 163 = t. What is the greatest common factor of 17 and k?
17
Let o(i) = -i**2 - 58*i + 399. Let c be o(-61). Calculate the greatest common factor of c and 32.
8
Suppose -q + 17 = -2*q. Let h = q + 26. Let m(n) = -n**3 + 5*n**2 + 4*n + 3. Let a be m(-3). What is the highest common factor of h and a?
9
Suppose 5*m - u + 392 = 1310, 2*u + 6 = 0. Calculate the greatest common factor of 61 and m.
61
Let g(c) = 3*c**2 - 10*c + 15. Let j be g(3). Calculate the greatest common divisor of 6 and j.
6
Suppose 3*r - 4*a = 152, -4*r + 226 = -a + 19. Suppose 45*s + 112 = r*s. What is the highest common factor of 88 and s?
8
Let z(c) = c**3 + 8*c**2 - 67*c - 24. Let x be z(-12). What is the greatest common factor of x and 357?
51
Suppose 5*j - 85 - 55 = 5*w, 20 = -4*w. Let h = 25 - j. Suppose -5*z - h*s = -58, z + 4*s = 6*z - 64. Calculate the highest common factor of 12 and z.
12
Suppose 21*a - a - 33500 = 0. What is the highest common divisor of 67 and a?
67
Suppose 2*y + m = -m - 6, 4*m + 10 = -3*y. Let o be 11 + ((-160)/(-48) - y/(-6)). Calculate the greatest common divisor of 42 and o.
14
Let x be (-4 - -5)*(-26)/(-2). Let q(p) = 3*p**2 - 32*p - 35. Let t be q(12). Calculate the greatest common factor of t and x.
13
Let y = -176 - -260. Calculate the highest common factor of 60 and y.
12
Let m be (-4 + (-51)/(-6))*46. What is the greatest common factor of 46 and m?
23
Let v = 4 + -11. Let g(d) = d**3 - 4*d**2 + 4*d**3 + 6 - 6*d**3 + 4*d. Let q be g(v). Calculate the highest common factor of 25 and q.
25
Let h(v) be the first derivative of v**3/3 - v**2/2 - 8. Let y be h(3). Suppose -5*u + 367 - 37 = 0. What is the highest common divisor of u and y?
6
Let p(g) = 35*g - 7. Let k be p(3). Suppose 0 = -5*m + m - 2*f + k, -51 = -2*m - 3*f. What is the highest common divisor of m and 60?
12
Let q(m) = -m**2 + 8*m - 6. Let w(v) = -3*v - 21. Let s be w(-9). Let i be q(s). Let a be (-22 + i)*(1 - 2). What is the highest common divisor of 96 and a?
16
Suppose -3*q = -6*q + 15. Let f be (56/q)/(-3*(-5)/300). What is the highest common divisor of 28 and f?
28
Suppose -6*j = -53 - 1. Calculate the highest common factor of 24 and j.
3
Suppose 5*p = -4*j - 875 + 3471, 5*j - 3204 = 4*p. What is the highest common divisor of j and 56?
28
Suppose 0 = 7*s - 2*s. Let r(h) = 4*h + s*h**2 + 10*h**2 - 3*h. Let f be r(1). Calculate the highest common divisor of f and 55.
11
Let t(l) = -l**2 - 16*l + 19. Let d be t(-17). Suppose 4*c + 2*x + x - 37 = 0, 6 = d*c + 4*x. Calculate the greatest common factor of c and 104.
13
Let z(a) = -46*a + 70. Let j be z(-20). Calculate the highest common divisor of 11 and j.
11
Let c(z) = 2*z**2 - 3*z + 2. Let r be c(2). Suppose 0 = -r*j + 85 + 3. Suppose 22*p - 2370 = 1986. Calculate the highest common factor of p and j.
22
Let h be (-16)/120 + (-124)/(-30). Let r = 124 - 56. Calculate the highest common divisor of r and h.
4
Let i(r) = -2*r + 5. Let x be i(7). Let g be 9 + x + (0 - -1). Suppose -4*w + 26 = o, 3*o - 9 = -2*w - 1. Calculate the highest common factor of w and g.
1
Suppose 0 = -8*i + 10*i - 302. Let a be i/9 - (-46)/207. Calculate the highest common factor of a and 136.
17
Suppose i - 34 = -3*r - 3*i, -3*r + 3*i = -6. Let o(k) = k**2 + 9. Let n be o(r). What is the greatest common factor of 15 and n?
15
Let f(b) = b**3 + 11*b - 2*b - 2 + 13*b - b - 16*b**2. Let a be f(15). Calculate the highest common divisor of 8 and a.
8
Suppose 5*i = 0, 0*x + 5*i - 13 = -x. Let l = 63 - x. Calculate the highest common factor of 10 and l.
10
Suppose 2208 = 42*o + 4*o. Calculate the highest common divisor of o and 112.
16
Suppose 0 = -49*u + 744 + 873. Calculate the greatest common factor of 33 and u.
33
Suppose -3*s - 8 = -5*s - 4*a, 0 = -s - 4*a. Let z(j) = -j**2 + 11*j + 18. Let c be z(s). Calculate the greatest common factor of 294 and c.
42
Let i(r) = 2*r**3 + 20*r**2 - 8*r + 1. Let w be i(-9). Suppose -y - 3*y = a - w, -4*y = -2*a - 250. What is the highest common divisor of y and 10?
10
Let d be 2/(-4 + 264/68). Let o be -1*(d + 12/(-4)). Calculate the greatest common factor of o and 8.
4
Let g(r) = 3*r**2 - r + 2. Let s be g(-3). Suppose -4*y - 14 = -4*n - 50, 40 = 5*y - 4*n. What is the highest common divisor of s and y?
4
Let r be 35 + (-3 + 5 - -2). Suppose -3*a + 807 = 3*x, 0 = 5*a - x - 534 - 835. What is the highest common factor of a and r?
39
Let x be (-8 - 1) + -2 + 0. Suppose -22*p = -6*p - 496. Let b = p + x. What is the greatest common factor of b and 4?
4
Suppose 4*h + 2*q = 16 + 10, 5 = q. What is the highest common factor of h and 1?
1
Let v = 975 + -932. What is the highest common divisor of 215 and v?
43
Suppose 2*t - 6 = -2*d, 0 = -5*t + d - 0 + 9. Suppose 3*s + 12 + 93 = -y, 0 = -t*y. Let z be 8/(-14) + (-3065)/s. What is the highest common factor of z and 58?
29
Let u = 7 + 13. Suppose 2*q = 28 - u. What is the greatest common divisor of 12 and q?
4
Suppose o - 8 = -6. Suppose -260 = -o*q - 2*q. Calculate the greatest common factor of 13 and q.
13
Let s be (-2)/(-15) - -1*(-11864)/(-120). Suppose 0 = i - 2*i - 14. Let n = 25 + i. Calculate the highest common divisor of s and n.
11
Let p(c) = -c. Let t(o) = -2*o + 65. Let l(h) = -3*p(h) + t(h). Let b be l(20). Calculate the greatest common factor of 17 and b.
17
Suppose w = 4*w + 42. Let o be 6/27 - (10830/27)/5. Let z = w - o. Calculate the highest common divisor of z and 6.
6
Let n(j) = j**3 - 9*j**2 - 3*j + 7. Let z be n(5). Let w be z/(-8)*64/6. Calculate the greatest common divisor of 18 and w.
18
Let g = 13 + -10. Let b be (38/g)/(3/9). Suppose 48 = -2*c - 4*t + 352, -4*c + 608 = t. What is the greatest common divisor of b and c?
38
Suppose -2*n = 4*g - 44, 0 = -3*n + 24*g - 28*g + 56. What is the greatest common divisor of 96 and n?
12
Let z = -2 - 20. Let u = -2 - z. Suppose 11*d - 1259 - 281 = 0. Calculate the highest common divisor of d and u.
20
Let g = -1159 - -1164. Let p = 135 - 90. What is the highest common factor of p and g?
5
Let w be (-52)/2*7/(-2). Let i be -92*(-13)/104 + 6/4. Calculate the highest common divisor of w and i.
13
Let q be 2*(92/(-8) + 4). Let m(d) = -3*d - 41. Let z be m(q). Calculate the highest common factor of 44 and z.
4
Let c = -135 + 139. Calculate the greatest common factor of 292 and c.
4
Suppose -3*s + 9 = -0*s - 3*o, 5*s = -o + 15. Suppose -z - 2*z = l + s, 5*l - 36 = 2*z. Let j = 17 + -15. What is the greatest common divisor of l and j?
2
Let b be 3/9 + (-16)/(-6). Let x(g) = g**3 - 3*g**2 - 2*g + 1. Let h be x(b). Let u be (-400)/h - 1*-1. What is the highest common divisor of u and 9?
9
Let d = 137 - 114. What is the highest common factor of d and 184?
23
Let z = -159 - -221. Suppose 3*l - 2*f = 350, 5*l = f + 207 + 381. Let x = l - z. Calculate the highest common divisor of x and 84.
28
Suppose 2*f - 5*f + 120 = 0. Let b = -9 + f. What is the greatest common divisor of 341 and b?
31
Let q = -1495 - -1499. Calculate the greatest common divisor of q and 268.
4
Suppose 0 = 6*c + 116 - 560. What is the greatest common divisor of 111 and c?
37
Let y = -129 - -164. Let f(s) = 8*s - 1. Let l be f(1). Calculate the greatest common divisor of y and l.
7
Suppose